{"id":107,"date":"2024-07-15T12:48:18","date_gmt":"2024-07-15T10:48:18","guid":{"rendered":"https:\/\/geburtstag.boergener.de\/?page_id=107"},"modified":"2024-07-16T22:41:17","modified_gmt":"2024-07-16T20:41:17","slug":"was-muss-ich-mitbringen","status":"publish","type":"page","link":"https:\/\/geburtstag.boergener.de\/?page_id=107","title":{"rendered":"Was muss ich mitbringen?"},"content":{"rendered":"\n<ul class=\"wp-block-list\">\n<li><strong>Essgeschirr<\/strong>, denn wir wollen nachhaltig sein.\n<ul class=\"wp-block-list\">\n<li>Messer, Gabel, L\u00f6ffel<\/li>\n\n\n\n<li>mindestens einen tiefen Teller &#8211; damit geht alles<\/li>\n\n\n\n<li>ein Glas f\u00fcr Kaltgetr\u00e4nke<\/li>\n\n\n\n<li>einen Becher f\u00fcr Hei\u00dfgetr\u00e4nke<\/li>\n\n\n\n<li>Geschirrhandtuch, Sp\u00fcltuch (Sp\u00fcli gibt es vor Ort)<\/li>\n<\/ul>\n<\/li>\n\n\n\n<li style=\"margin-top:var(--wp--preset--spacing--20);margin-bottom:var(--wp--preset--spacing--20)\"><strong>Wein oder anderes Leckeres mit Alkohol<\/strong> &#8211; Bier gibt es reichlich, au\u00dferdem Cola, Limo gelb und wei\u00df, Apfelschorle und Wasser medium, Kaffee und Tee gr\u00fcn und schwarz<\/li>\n\n\n\n<li style=\"margin-top:var(--wp--preset--spacing--20);margin-bottom:var(--wp--preset--spacing--20)\"><strong>Am FREITAG wird gegrillt. Bitte bringt euer eigenes Grillgut mit.<\/strong> Wir haben 2 Grills, einen f\u00fcr Fleisch, einen f\u00fcr alle anderen Leckereien. Um die Beilagen k\u00fcmmert sich Christoph unser Koch.<\/li>\n\n\n\n<li style=\"margin-top:var(--wp--preset--spacing--20);margin-bottom:var(--wp--preset--spacing--20)\"><strong>S\u00fc\u00dfes und Salziges<\/strong> f\u00fcr zwischendurch und die Abendstunden<\/li>\n\n\n\n<li style=\"margin-top:var(--wp--preset--spacing--20);margin-bottom:var(--wp--preset--spacing--20)\"><strong>Sonnenmilch<\/strong> <strong>und Antibrumm<\/strong><\/li>\n\n\n\n<li><strong>f\u00fcr Gem\u00fctlichkeit und Spa\u00df:<\/strong>\n<ul class=\"wp-block-list\">\n<li>BADESACHEN &#8211; die Sieg wird schnell warm, also los \ud83d\ude42<\/li>\n\n\n\n<li>WASSERSCHUHE f\u00fcr den Fluss &#8211; es ist total steinig<\/li>\n\n\n\n<li>KLAPPSTUHL und \/ oder Liegedecke &#8211; wir haben aber auch genug Bierzeltb\u00e4nke<\/li>\n\n\n\n<li>warme KLAMOTTEN \/ DECKE f\u00fcr abends &#8211; kann schon mal frisch werden &#8211; vorne Feuer, hinten kalt<\/li>\n\n\n\n<li>SPIELST DU GERNE? Dann bring dein Lieblingsspiel mit.<\/li>\n<\/ul>\n<\/li>\n<\/ul>\n","protected":false},"excerpt":{"rendered":"","protected":false},"author":1,"featured_media":0,"parent":0,"menu_order":0,"comment_status":"closed","ping_status":"closed","template":"","meta":{"footnotes":""},"class_list":["post-107","page","type-page","status-publish","hentry"],"_links":{"self":[{"href":"https:\/\/geburtstag.boergener.de\/index.php?rest_route=\/wp\/v2\/pages\/107","targetHints":{"allow":["GET"]}}],"collection":[{"href":"https:\/\/geburtstag.boergener.de\/index.php?rest_route=\/wp\/v2\/pages"}],"about":[{"href":"https:\/\/geburtstag.boergener.de\/index.php?rest_route=\/wp\/v2\/types\/page"}],"author":[{"embeddable":true,"href":"https:\/\/geburtstag.boergener.de\/index.php?rest_route=\/wp\/v2\/users\/1"}],"replies":[{"embeddable":true,"href":"https:\/\/geburtstag.boergener.de\/index.php?rest_route=%2Fwp%2Fv2%2Fcomments&post=107"}],"version-history":[{"count":10,"href":"https:\/\/geburtstag.boergener.de\/index.php?rest_route=\/wp\/v2\/pages\/107\/revisions"}],"predecessor-version":[{"id":153,"href":"https:\/\/geburtstag.boergener.de\/index.php?rest_route=\/wp\/v2\/pages\/107\/revisions\/153"}],"wp:attachment":[{"href":"https:\/\/geburtstag.boergener.de\/index.php?rest_route=%2Fwp%2Fv2%2Fmedia&parent=107"}],"curies":[{"name":"wp","href":"https:\/\/api.w.org\/{rel}","templated":true}]}}