{"id":24,"date":"2024-04-22T07:10:35","date_gmt":"2024-04-22T05:10:35","guid":{"rendered":"https:\/\/geburtstag.boergener.de\/?page_id=24"},"modified":"2024-07-16T22:27:20","modified_gmt":"2024-07-16T20:27:20","slug":"essen-trinken","status":"publish","type":"page","link":"https:\/\/geburtstag.boergener.de\/?page_id=24","title":{"rendered":"Essen &amp; Trinken"},"content":{"rendered":"\n<p>F\u00fcr euer leibliches Wohl ist gesorgt und es gibt durchgehend gek\u00fchlte Getr\u00e4nke. <\/p>\n\n\n\n<p>Wir freuen uns sehr, dass uns Christoph als ausgebildeter Koch bei der Essensplanung unterst\u00fctzt und das K\u00fcchenzelt schmei\u00dft! <strong>Vielen Dank!<\/strong><\/p>\n\n\n\n<figure class=\"wp-block-table\"><table><thead><tr><th>\ufeff<\/th><th>Fr\u00fchst\u00fcck<\/th><th>Leckeres am Mittag \/ Nachmittag<\/th><th>Abendessen<\/th><\/tr><\/thead><tbody><tr><td>Freitag<\/td><td>M\u00fcsli, Brot, Br\u00f6tchen, Marmelade, vegetarische \/ vegane Aufstriche und K\u00e4se.<\/td><td>Kuchenbuffet<\/td><td>Buffet und Grillen.<br>Bitte bringt euer eigenes Grillgut mit! Es wird getrennte Grills f\u00fcr Fleisch und vegetarisches Grillgut geben.<\/td><\/tr><tr><td>Samstag<\/td><td>M\u00fcsli, Brot, Br\u00f6tchen, Marmelade, vegetarische \/ vegane Aufstriche und K\u00e4se.<\/td><td>Kuchenbuffet<\/td><td>Im <a href=\"https:\/\/geburtstag.boergener.de\/?page_id=114\" data-type=\"page\" data-id=\"114\">Kochduell<\/a> werden 3 Men\u00fcs f\u00fcr uns gekocht.<\/td><\/tr><tr><td>Sonntag<\/td><td>M\u00fcsli, Brot, Br\u00f6tchen, Marmelade, vegetarische \/ vegane Aufstriche und K\u00e4se.<\/td><td>Kuchenbuffet<\/td><td>Reibekuchen mit Apfelmus und Kr\u00e4uterquark<\/td><\/tr><tr><td>Montag<\/td><td>M\u00fcsli, Brot, Br\u00f6tchen, Marmelade, vegetarische \/ vegane Aufstriche und K\u00e4se.<\/td><td>Restefest<\/td><td>\ufeff<\/td><\/tr><\/tbody><\/table><\/figure>\n","protected":false},"excerpt":{"rendered":"<p>F\u00fcr euer leibliches Wohl ist gesorgt und es gibt durchgehend gek\u00fchlte Getr\u00e4nke. Wir freuen uns sehr, dass uns Christoph als ausgebildeter Koch bei der Essensplanung unterst\u00fctzt und das K\u00fcchenzelt schmei\u00dft! Vielen Dank! \ufeff Fr\u00fchst\u00fcck Leckeres am Mittag \/ Nachmittag Abendessen Freitag M\u00fcsli, Brot, Br\u00f6tchen, Marmelade, vegetarische \/ vegane Aufstriche und K\u00e4se. Kuchenbuffet Buffet und Grillen.Bitte [&hellip;]<\/p>\n","protected":false},"author":1,"featured_media":0,"parent":0,"menu_order":0,"comment_status":"closed","ping_status":"closed","template":"","meta":{"footnotes":""},"class_list":["post-24","page","type-page","status-publish","hentry"],"_links":{"self":[{"href":"https:\/\/geburtstag.boergener.de\/index.php?rest_route=\/wp\/v2\/pages\/24","targetHints":{"allow":["GET"]}}],"collection":[{"href":"https:\/\/geburtstag.boergener.de\/index.php?rest_route=\/wp\/v2\/pages"}],"about":[{"href":"https:\/\/geburtstag.boergener.de\/index.php?rest_route=\/wp\/v2\/types\/page"}],"author":[{"embeddable":true,"href":"https:\/\/geburtstag.boergener.de\/index.php?rest_route=\/wp\/v2\/users\/1"}],"replies":[{"embeddable":true,"href":"https:\/\/geburtstag.boergener.de\/index.php?rest_route=%2Fwp%2Fv2%2Fcomments&post=24"}],"version-history":[{"count":6,"href":"https:\/\/geburtstag.boergener.de\/index.php?rest_route=\/wp\/v2\/pages\/24\/revisions"}],"predecessor-version":[{"id":145,"href":"https:\/\/geburtstag.boergener.de\/index.php?rest_route=\/wp\/v2\/pages\/24\/revisions\/145"}],"wp:attachment":[{"href":"https:\/\/geburtstag.boergener.de\/index.php?rest_route=%2Fwp%2Fv2%2Fmedia&parent=24"}],"curies":[{"name":"wp","href":"https:\/\/api.w.org\/{rel}","templated":true}]}}