{"id":6,"date":"2024-04-22T06:45:30","date_gmt":"2024-04-22T04:45:30","guid":{"rendered":"https:\/\/geburtstag.boergener.de\/?page_id=6"},"modified":"2024-07-17T14:35:41","modified_gmt":"2024-07-17T12:35:41","slug":"das-programm","status":"publish","type":"page","link":"https:\/\/geburtstag.boergener.de\/?page_id=6","title":{"rendered":"Das Programm"},"content":{"rendered":"\n<p>Es ist richtig was los!<\/p>\n\n\n\n<p>An allen Tagen bieten wir ein freiwilliges und optionales Programm. Ihr k\u00f6nnt euch also entscheiden, ob ihr zusammen mit anderen an verschiedenen Aktivit\u00e4ten teilnehmt oder nur auf dem Zeltplatz entspannen m\u00f6chtet.<\/p>\n\n\n\n<p>Grunds\u00e4tzlich werden die meisten Aktivit\u00e4ten den ganzen Tag \u00fcber angeboten. Ihr k\u00f6nnt also bei allem mitmachen.<\/p>\n\n\n\n<h3 class=\"wp-block-heading\">Folgen Programmpunkte sind eigenverantwortlich immer m\u00f6glich:<\/h3>\n\n\n\n<p><em>Kickern<\/em><br>2 gro\u00dfe Kicker stehen in einem Zelt bereit<br><br><em>Gesellschaftsspiele<\/em><br>bringt mit, was ihr gerne spielen wollt<br><br><em>Plantschen in der Sieg<\/em><br>am Besten mit Schuhen, nicht barfu\u00df ins Wasser<\/p>\n\n\n\n<h3 class=\"wp-block-heading\">Unser Timetable:<\/h3>\n\n\n\n<figure class=\"wp-block-table\"><table><thead><tr><th>Tag<\/th><th>Programm<\/th><\/tr><\/thead><tbody><tr><td>Freitag<\/td><td>Anreise ab morgens m\u00f6glich, <a href=\"https:\/\/geburtstag.boergener.de\/?page_id=24\" data-type=\"page\" data-id=\"24\">Fr\u00fchst\u00fcck<\/a> um 10 Uhr<br><br><strong>20:00 Uhr:<\/strong><br><em>Lagerfeuer und gemeinsames Singen<\/em> mit Malte und Gitarre<\/td><\/tr><tr><td>Samstag<\/td><td><strong>09:30 Uhr:<\/strong><br>Morgengymnastik mit Carlotta<br><br><strong>9:30 Uhr:<\/strong><br><em><a href=\"https:\/\/geburtstag.boergener.de\/?page_id=109\" data-type=\"page\" data-id=\"109\">3 st\u00fcndige Kanu-Tour<\/a><\/em> mit Siegbert<br><br><strong>danach:<\/strong><br><em><a href=\"https:\/\/geburtstag.boergener.de\/?page_id=114\" data-type=\"page\" data-id=\"114\">Kochduell<\/a> <\/em>mit Christoph<br><br><strong>20:00 Uhr:<\/strong><br><em>Singer-Songwriter-Konzert<\/em> mit Alex und Marius am Lagerfeuer<br><br><strong>21:00 Uhr:<\/strong><br><em>Silent-Disco<\/em> (Kopfh\u00f6rerdisco) mit DJ Jonathan<\/td><\/tr><tr><td>Sonntag<\/td><td><strong>ab 13:00 Uhr:<\/strong><br><em>Basteln <\/em>mit Sille &#8211; Teelichtgl\u00e4ser plotten und aufpimpen<br><strong>und<\/strong><br><em><a href=\"https:\/\/geburtstag.boergener.de\/?page_id=111\" data-type=\"page\" data-id=\"111\">Kleider-Upcycling<\/a><\/em> mit Nora<br><br><em>abends:<\/em><br><em>Lagerfeuer<\/em><\/td><\/tr><tr><td>Montag<\/td><td>Abbau bis Mittags<\/td><\/tr><\/tbody><\/table><\/figure>\n","protected":false},"excerpt":{"rendered":"<p>Es ist richtig was los! An allen Tagen bieten wir ein freiwilliges und optionales Programm. Ihr k\u00f6nnt euch also entscheiden, ob ihr zusammen mit anderen an verschiedenen Aktivit\u00e4ten teilnehmt oder nur auf dem Zeltplatz entspannen m\u00f6chtet. Grunds\u00e4tzlich werden die meisten Aktivit\u00e4ten den ganzen Tag \u00fcber angeboten. Ihr k\u00f6nnt also bei allem mitmachen. Folgen Programmpunkte sind [&hellip;]<\/p>\n","protected":false},"author":1,"featured_media":0,"parent":0,"menu_order":0,"comment_status":"closed","ping_status":"closed","template":"","meta":{"footnotes":""},"class_list":["post-6","page","type-page","status-publish","hentry"],"_links":{"self":[{"href":"https:\/\/geburtstag.boergener.de\/index.php?rest_route=\/wp\/v2\/pages\/6","targetHints":{"allow":["GET"]}}],"collection":[{"href":"https:\/\/geburtstag.boergener.de\/index.php?rest_route=\/wp\/v2\/pages"}],"about":[{"href":"https:\/\/geburtstag.boergener.de\/index.php?rest_route=\/wp\/v2\/types\/page"}],"author":[{"embeddable":true,"href":"https:\/\/geburtstag.boergener.de\/index.php?rest_route=\/wp\/v2\/users\/1"}],"replies":[{"embeddable":true,"href":"https:\/\/geburtstag.boergener.de\/index.php?rest_route=%2Fwp%2Fv2%2Fcomments&post=6"}],"version-history":[{"count":19,"href":"https:\/\/geburtstag.boergener.de\/index.php?rest_route=\/wp\/v2\/pages\/6\/revisions"}],"predecessor-version":[{"id":166,"href":"https:\/\/geburtstag.boergener.de\/index.php?rest_route=\/wp\/v2\/pages\/6\/revisions\/166"}],"wp:attachment":[{"href":"https:\/\/geburtstag.boergener.de\/index.php?rest_route=%2Fwp%2Fv2%2Fmedia&parent=6"}],"curies":[{"name":"wp","href":"https:\/\/api.w.org\/{rel}","templated":true}]}}